9775. Is l a prime number?
False
Suppose 17*x = -8*x + 205803 - 69028. Is x prime?
True
Let w(q) = 80*q**2 + 2*q - 3. Let d = -3 - 0. Let j be w(d). Suppose 0 = l + 4*h - j, -h + 1346 = -5*l + 4943. Is l a composite number?
False
Suppose -57*b - 23*b + 3102160 = -0*b. Is b a composite number?
True
Let q be 4/(-14) - 395/(-35). Let o = -6 + q. Suppose w = 5*w - n - 4345, 0 = o*w + 2*n - 5441. Is w composite?
False
Suppose 0*y + 12 = y. Let r be (381/(-6))/((-2)/y). Suppose -2*s + r + 1561 = 0. Is s prime?
True
Let y(v) = 4644*v**2 + 2*v - 18. Let r be y(3). Let t = r + -22795. Is t a composite number?
True
Let j(z) = 164*z - 28. Let b be j(-2). Let o = b - -1683. Is o a prime number?
True
Suppose 151 = 11*o - 25. Suppose -2*f - 34762 = -o*f. Is f prime?
False
Suppose 136*u - 32*u - 8757944 = 0. Is u a composite number?
False
Suppose 3*z - 7 = -4. Let u be -2 + 1/(z/6). Suppose -582 = -u*y + 1874. Is y a composite number?
True
Let i(b) = -b**2 + 19. Let p be i(7). Let m = p + 27. Is (-218 + 2)/(-4) + m prime?
False
Is (-6 - 511071/(-27)) + (-16)/(-36) prime?
False
Suppose -3*y + w + 30898 = 0, -6*w - 41224 = -4*y - 10*w. Is y composite?
False
Let r = 314601 - 132022. Is r a prime number?
True
Let g(c) = 29*c**2 - 13*c. Let y be g(4). Suppose y = 4*j - 5*j. Is (-2 + (2 - 1))*j/4 a prime number?
True
Let z(l) = l**2 + 12*l - 20. Let o(n) = -6*n + 2. Let q be o(0). Let v be z(q). Is (-15)/60 - (-1626)/v composite?
True
Let k(f) = 1205*f + 1347. Is k(10) prime?
True
Suppose 22*m - 8706030 = 7*m - 15*m. Is m composite?
False
Let s = -111 + 113. Suppose -s*t + 7*t + 2*r - 131 = 0, -2*t + 2*r + 44 = 0. Let p(d) = 5*d + 77. Is p(t) composite?
True
Let k(f) = -f**3 - 3*f**2 - f + 32. Suppose 490*x + 13 = 489*x. Is k(x) a prime number?
False
Suppose 0 = -22*n + 507545 + 125813. Is n prime?
True
Let r = 25294 - 2585. Is r a prime number?
True
Let w(p) = 167*p**3 - p**2 + 31*p - 154. Is w(5) composite?
True
Let y be ((-256)/4)/(-4) + 3 + -2. Suppose -5*o = 4*p + y, -3*p + 29 = -7*p - o. Is 986/((-22)/(-8) + 6/p) a composite number?
True
Let n = 20008 + 7094. Let y = n - 17869. Is y a prime number?
False
Suppose 163*s = 32515144 + 150295387. Is s prime?
False
Let h = -11125 - -20185. Suppose -20*i = -25*i + h. Let l = 2651 - i. Is l a composite number?
False
Suppose -s + 30827 = 4*v, 2*v - v = -3*s + 7715. Let j = 13903 - v. Is j prime?
True
Suppose -4*k = 3*i - 4*i + 517, 3*i + 3*k - 1536 = 0. Suppose 5*g - 15978 + i = 0. Is g composite?
True
Let g(y) = 119*y**2 + 2*y - 5. Let x be g(2). Suppose -2*z = 86 - 82. Is z/(-1) + x + 2 prime?
True
Is 20 - (-273616 + -11 + 6) a prime number?
True
Suppose 5*u - w = 2270352, -7*u + 11*u = -4*w + 1816296. Is u a prime number?
False
Let z = -68834 - -125029. Is z composite?
True
Let k be (-27)/(-4) - (-81)/(-108). Suppose 0 = k*b - 22682 + 1040. Is b composite?
False
Suppose 2*a + 5846 = -5*r, -5*a + 17 = 32. Let t(k) = k**3 + 3*k**2 - 4*k + 3. Let i be t(-10). Let f = i - r. Is f composite?
True
Is (-37023882)/(-69)*(-2)/(-4) composite?
True
Let x = 1757 - 935. Suppose 8*h = 137 + 1151. Let b = x + h. Is b a composite number?
False
Let r(x) = 1218*x**2 + 39*x - 2. Is r(5) prime?
True
Let y = -6223 + 3126. Let r = -1044 - y. Is r a composite number?
False
Let c = 44975 - -42878. Is c composite?
False
Let m(v) be the first derivative of 25*v**3 - 24*v**2 + 28*v - 83. Is m(15) a prime number?
True
Let r(v) = -5*v**3 + 39*v**2 + 51*v + 29. Is r(-30) prime?
True
Let o(h) = 10*h**3 - 26*h**2 - 20*h + 43. Is o(21) composite?
True
Let g(o) = 209*o**2 + 334*o + 31. Is g(-24) composite?
True
Is -9*(-1)/30 + (-647467)/(-10) composite?
False
Suppose 36*v - 212 = 32*v. Suppose 61 - v = -4*l. Is ((-9)/(-27))/(l/(-354)) a composite number?
False
Let t = 730 - -11005. Suppose 4570 + t = 3*x. Is x composite?
True
Let o(c) = 48*c**2 - 9*c + 184911. Is o(0) a prime number?
False
Let m(o) = 15*o**3 - 2*o**2 - o + 5. Suppose 5*t = -4*a + 45, 3*a + 3*t + 7 = 37. Suppose a*x = 35 - 15. Is m(x) a composite number?
False
Let u(y) = -4268*y + 3987. Is u(-80) a composite number?
True
Let n be (-6 - (-112)/35)/(1/(-835)). Suppose -4*x + n = 110. Is x a composite number?
False
Suppose -5*g + 9*g = 472. Let z = g + 153. Suppose 4*p = -4*j + 256, -3*p - p + j + z = 0. Is p composite?
False
Let z(c) = -59*c**3 + 64*c**2 - 18*c - 79. Is z(-20) a composite number?
True
Is (-16)/312 - 57999937/(-663) prime?
True
Is ((-6)/8)/((-69)/42528196) composite?
False
Let n = 829452 - 427311. Is n a composite number?
True
Let f(n) = 6*n**3 - 24*n + 19. Let q(l) = 11*l**3 - 49*l + 39. Let v(g) = -5*f(g) + 3*q(g). Is v(12) a composite number?
True
Is (-73877)/(4531/(-161) + 28) composite?
True
Let s = -34 + 467. Suppose -3*t = -i + 151, 12*i - 4*t = 9*i + s. Is i a prime number?
True
Let d(q) = 50833*q - 20. Is d(7) a composite number?
False
Let k = 39 + -26. Let s be (-1 - 1/(-3))*(k + -16). Is ((-5002 - 4)/s)/(-1) prime?
True
Suppose -5*z + 23009 = -h, z + h = -0*z + 4597. Suppose 3*b - 13847 = 5*v, 2*b - b = -2*v + z. Is b composite?
True
Let y = -186267 + 468004. Is y a prime number?
True
Suppose -5*d + 607570 = 4*f, 443047 = 3*d + 3*f + 78505. Is d prime?
False
Suppose 156 - 176 = -4*h. Suppose -3*g + 5*g - h*v = 34896, v - 17455 = -g. Is g a prime number?
False
Suppose -144*v + 134*v = 5560. Let x = 1927 - v. Is x a prime number?
False
Let v(t) = 1815*t**3 + t**2 + 15*t - 2. Is v(3) a composite number?
False
Let w(v) = v**2 - 6*v - 6. Let n be w(6). Let i(p) = 2*p + 2. Let t be i(n). Is t/25 + (-314)/(-10) a composite number?
False
Is (1*4 - (-53079)/39) + -4 a prime number?
True
Suppose 4*j = 2*v + 20, -v - 2*v = -5*j + 25. Suppose v = -y + 2*q - 0*q + 23560, -y - 3*q + 23565 = 0. Let t = y + -14029. Is t a prime number?
True
Is (336094/(-5))/(-9 + -2 - 318/(-30)) prime?
False
Suppose 4*h - 16 = 0, 0 = -4*u - h + 4*h + 44. Suppose -q = -3*m - 14917, -16*m + 59696 = 4*q - u*m. Is q composite?
False
Let a be (-3)/(-2) - (-3 - (-20)/8). Suppose -216 = -u - 0*g + 5*g, 2*g + 440 = a*u. Is u a composite number?
True
Let d = -358 + -253. Let a = d - -1660. Is a a composite number?
False
Let x(q) = -73*q + 47. Suppose 0 = 5*b + 5*y + 120, 5*b + 118 + 2 = 3*y. Is x(b) composite?
True
Let a(i) = -9*i + 3. Suppose -45 = 2*k + n - 4*n, 0 = -k - 2*n - 5. Let d be a(k). Suppose 5*p = 2*y - 83, -y - 2*y + 3*p + d = 0. Is y a prime number?
False
Let k(h) be the third derivative of h**5/20 + 23*h**4/24 + 59*h**3/2 - 142*h**2. Is k(-11) a prime number?
False
Let o = -5148 + -11288. Let a = -10309 - o. Is a a composite number?
True
Let o be ((-58)/(-4))/(-2 - (-49399)/24696). Suppose 18*w + i - 51144 = 14*w, 4*w = 2*i + o. Is w a composite number?
True
Let g be (-36)/(-28) + -1 - (-164)/14. Let j = -12 + g. Let q(t) = t**2 + 3*t + 46. Is q(j) a prime number?
False
Let g = 19462 - -42997. Is g composite?
False
Suppose -5*c = 3*v - 20, 12*v - 9*v = -3*c + 6. Suppose 24665 = c*g + 7683. Is g composite?
True
Let q(x) = -26*x**3 - 5*x**2 + 10*x + 39. Is q(-10) composite?
False
Suppose 2*z - 1000 = -6302. Let x = -918 - z. Is x a composite number?
False
Suppose 37*n = 43*n - 17478 - 96204. Is n composite?
False
Let a(j) be the third derivative of j**5/60 + 3*j**4/8 + 10723*j**3/6 - 12*j**2. Is a(0) composite?
False
Suppose -18*d = -8*d + 90. Let y(b) = 37*b**2 - 3*b - 59. Is y(d) a prime number?
False
Let u(n) = n**3 + 42*n**2 + 47*n + 32. Let j be u(-32). Suppose -j = -3*q + 3718. Is q a composite number?
True
Is (-192)/(-27 - -3) + 91*107 prime?
False
Let h(f) be the first derivative of -11*f**4/2 - 5*f**3/3 - 8*f**2 - 31*f + 202. Is h(-4) composite?
False
Suppose -8*x = 49 - 65. Let l(y) = 67*y**3 - y + 1. Is l(x) composite?
True
Suppose 8*m = -m - 9. Let x(v) = 37*v - 234*v - 236*v + 57 - 53. Is x(m) a composite number?
True
Suppose -142*p + 26935687 + 13357519 + 14518652 = 0. Is p composite?
True
Suppose 5 = 5*v, 0*m + m + 2*v = 17. Is (m/(-21))/(-5) + (-162384)/(-14) prime?
False
Let o = 150216 - -75517. Is o a composite number?
False
Suppose -280*u + 255618460 = -11*u + 71*u. Is u prime?
False
Let m be (2 + -5)/(66/(-77726)). Suppose w + m = 5*b - 54574, 23240 = 2*b + w. Is b a composite number?
False
Is (1/(3 - 0))/((-14)/111640368*-8) a prime number?
True
Let y(d) = 47